 to base 4.
-1312
What is -a (base 12) in base 15?
-a
Convert -2 (base 7) to base 16.
-2
Convert -3 (base 4) to base 6.
-3
Convert -1 (base 11) to base 5.
-1
Convert 102 (base 3) to base 12.
b
Convert 12 (base 11) to base 13.
10
a2 (base 14) to base 11
11a
Convert 26 (base 8) to base 14.
18
What is -8 (base 12) in base 8?
-10
Convert 3 (base 16) to base 9.
3
What is 10 (base 2) in base 9?
2
Convert -126 (base 14) to base 5.
-1410
Convert -4 (base 8) to base 3.
-11
What is -24 (base 10) in base 8?
-30
What is -48 (base 14) in base 8?
-100
Convert -125 (base 11) to base 3.
-12111
What is 10 (base 13) in base 12?
11
3 (base 8) to base 16
3
What is 5 (base 10) in base 9?
5
-122 (base 9) to base 15
-6b
What is 14 (base 13) in base 2?
10001
1 (base 4) to base 14
1
What is -4 (base 13) in base 12?
-4
Convert 2 (base 16) to base 2.
10
a (base 15) to base 5
20
Convert -fc (base 16) to base 13.
-165
-21 (base 3) to base 8
-7
12 (base 11) to base 10
13
Convert 412 (base 7) to base 9.
247
-b (base 13) to base 7
-14
-2 (base 6) to base 12
-2
202 (base 5) to base 15
37
-7a (base 14) to base 7
-213
What is -10 (base 15) in base 4?
-33
Convert -11 (base 4) to base 9.
-5
Convert 91 (base 12) to base 9.
131
0 (base 16) to base 4
0
Convert -1 (base 9) to base 8.
-1
What is -41 (base 7) in base 11?
-27
Convert 0 (base 4) to base 6.
0
-24 (base 6) to base 10
-16
Convert 0 (base 4) to base 13.
0
0 (base 6) to base 15
0
Convert -11 (base 5) to base 8.
-6
-16 (base 9) to base 5
-30
-1 (base 9) to base 4
-1
What is 3 (base 8) in base 6?
3
-1 (base 16) to base 10
-1
What is -1 (base 15) in base 5?
-1
a (base 15) to base 2
1010
What is -311 (base 4) in base 5?
-203
Convert 308 (base 10) to base 6.
1232
37 (base 8) to base 16
1f
What is 133 (base 14) in base 3?
22221
Convert 44 (base 10) to base 9.
48
Convert -100000 (base 2) to base 16.
-20
3 (base 6) to base 14
3
120 (base 4) to base 6
40
Convert -1a (base 13) to base 3.
-212
Convert 101220 (base 3) to base 13.
198
Convert -20 (base 5) to base 15.
-a
201 (base 4) to base 9
36
2 (base 5) to base 10
2
Convert -253 (base 7) to base 6.
-344
What is 16 (base 14) in base 12?
18
Convert 1 (base 8) to base 3.
1
-1101 (base 3) to base 11
-34
What is -1 (base 2) in base 10?
-1
What is -201 (base 4) in base 7?
-45
3 (base 16) to base 12
3
Convert 1020 (base 3) to base 16.
21
Convert -1 (base 6) to base 7.
-1
-8 (base 11) to base 9
-8
What is 14 (base 5) in base 8?
11
Convert 12 (base 7) to base 14.
9
Convert 166 (base 8) to base 6.
314
What is 153 (base 7) in base 11?
7a
Convert -2 (base 10) to base 13.
-2
What is 5 (base 7) in base 15?
5
What is -5 (base 11) in base 5?
-10
Convert -1 (base 15) to base 8.
-1
Convert 1 (base 5) to base 10.
1
What is -1033 (base 4) in base 10?
-79
Convert -2030 (base 5) to base 7.
-526
What is -107 (base 11) in base 9?
-152
What is -1 (base 16) in base 8?
-1
30 (base 8) to base 7
33
Convert 101 (base 5) to base 13.
20
Convert 3 (base 4) to base 6.
3
What is 148 (base 11) in base 14?
c5
-5 (base 10) to base 3
-12
What is 0 (base 3) in base 9?
0
-1024 (base 5) to base 15
-94
What is -20 (base 4) in base 13?
-8
What is -200 (base 6) in base 8?
-110
Convert -1 (base 4) to base 12.
-1
Convert 15 (base 9) to base 7.
20
Convert 4 (base 9) to base 16.
4
Convert -423 (base 7) to base 6.
-553
What is -1 (base 15) in base 7?
-1
Convert -11 (base 6) to base 16.
-7
11 (base 2) to base 11
3
Convert 1 (base 8) to base 3.
1
Convert -11000 (base 2) to base 13.
-1b
34 (base 7) to base 2
11001
What is -120 (base 3) in base 14?
-11
What is -2 (base 3) in base 5?
-2
What is 66 (base 8) in base 14?
3c
Convert 112 (base 9) to base 10.
92
88 (base 10) to base 3
10021
251 (base 6) to base 10
103
What is 21221 (base 3) in base 4?
3112
-c0 (base 16) to base 11
-165
48 (base 10) to base 11
44
What is 21 (base 8) in base 15?
12
Convert -5 (base 15) to base 8.
-5
Convert 4 (base 9) to base 3.
11
-11 (base 9) to base 4
-22
What is 267 (base 8) in base 15?
c3
Convert 6 (base 7) to base 8.
6
What is -13 (base 14) in base 10?
-17
What is -1224 (base 5) in base 4?
-2331
What is c (base 15) in base 9?
13
What is -2231 (base 5) in base 14?
-188
-3c (base 13) to base 15
-36
Convert 3 (base 7) to base 11.
3
6 (base 8) to base 14
6
What is 3 (base 13) in base 6?
3
Convert 1 (base 7) to base 11.
1
-4 (base 5) to base 6
-4
-521 (base 6) to base 3
-21011
Convert -60 (base 15) to base 16.
-5a
12 (base 7) to base 5
14
-2323 (base 4) to base 14
-d5
What is 11 (base 8) in base 14?
9
Convert 0 (base 11) to base 7.
0
Convert 1 (base 15) to base 2.
1
Convert -34 (base 11) to base 9.
-41
200 (base 3) to base 2
10010
What is 80 (base 14) in base 5?
422
13 (base 9) to base 12
10
Convert 40 (base 13) to base 4.
310
-15 (base 13) to base 11
-17
Convert 1 (base 5) to base 11.
1
3 (base 16) to base 4
3
-8 (base 15) to base 11
-8
Convert 103 (base 5) to base 15.
1d
-24 (base 13) to base 5
-110
Convert 116 (base 8) to base 2.
1001110
-4 (base 10) to base 13
-4
Convert -3 (base 10) to base 4.
-3
Convert 2 (base 15) to base 6.
2
11 (base 14) to base 16
f
What is 1 (base 12) in base 14?
1
327 (base 9) to base 6
1124
-37 (base 9) to base 8
-42
111 (base 6) to base 15
2d
What is 1a (base 16) in base 9?
28
What is -20 (base 12) in base 7?
-33
Convert -66 (base 8) to base 14.
-3c
14 (base 12) to base 7
22
-80 (base 9) to base 6
-200
What is 110 (base 4) in base 14?
16
Convert -bb (base 13) to base 16.
-9a
0 (base 15) to base 6
0
Convert -110 (base 10) to base 4.
-1232
What is -5 (base 9) in base 10?
-5
Convert 1 (base 16) to base 15.
1
11100 (base 2) to base 16
1c
What is -c (base 14) in base 13?
-c
What is 1 (base 12) in base 13?
1
-15 (base 8) to base 6
-21
What is 79 (base 13) in base 11?
91
Convert -1 (base 16) to base 8.
-1
Convert -5c (base 13) to base 12.
-65
What is 7b (base 15) in base 11?
a6
-11 (base 3) to base 6
-4
What is 33 (base 5) in base 13?
15
104 (base 5) to base 15
1e
Convert 13 (base 11) to base 15.
e
3 (base 10) to base 5
3
Convert 44 (base 5) to base 15.
19
-12112 (base 3) to base 16
-95
a (base 13) to base 16
a
-10 (base 13) to base 5
-23
Convert 110 (base 8) to base 15.
4c
0 (base 6) to base 10
0
What is d9 (base 14) in base 8?
277
What is -4 (base 15) in base 8?
-4
-18 (base 12) to base 3
-202
2 (base 13) to base 14
2
Convert 122 (base 3) to base 15.
12
What is -11 (base 2) in base 13?
-3
What is -4 (base 8) in base 16?
-4
What is -234 (base 6) in base 11?
-86
What is 3 (base 8) in base 11?
3
2 (base 9) to base 13
2
1 (base 4) to base 8
1
430 (base 5) to base 14
83
Convert -4 (base 5) to base 9.
-4
Convert 7 (base 9) to base 12.
7
What is 0 (base 14) in base 13?
0
What is -103 (base 7) in base 10?
-52
10 (base 2) to base 11
2
Convert -11 (base 2) to base 8.
-3
What is -10 (base 4) in base 3?
-11
-110 (base 4) to base 7
-26
Convert 11012 (base 4) to base 8.
506
4 (base 16) to base 2
100
1 (base 3) to base 9
1
Convert 1233 (base 5) to base 7.
364
Convert -159 (base 12) to base 6.
-553
Convert -11 (base 3) to base 8.
-4
21 (base 3) to base 9
7
Convert 3 (base 14) to base 12.
3
Convert 100011 (base 2) to base 5.
120
-8 (base 16) to base 6
-12
Convert 2 (base 16) to base 14.
2
-257 (base 8) to base 3
-20111
What is 3 (base 9) in base 15?
3
What is -70 (base 10) in base 5?
-240
What is -2 (base 10) in base 6?
-2
Convert -12 (base 8) to base 4.
-22
What is 5 (base 15) in base 13?
5
What is -41 (base 7) in base 6?
-45
-83 (base 10) to base 4
-1103
-7 (base 14) to base 6
-11
-20 (base 16) to base 10
-32
Convert -121 (base 4) to base 3.
-221
Convert a (base 12) to base 13.
a
-18 (base 14) to base 4
-112
What is -1 (base 13) in base 15?
-1
What is -3 (base 9) in base 2?
-11
Convert -a (base 13) to base 15.
-a
What is 70 (base 8) in base 7?
110
Convert 1101010 (base 2) to base 16.
6a
What is 233 (base 4) in base 15?
32
Convert -3 (base 12) to base 3.
-10
-7 (base 11) to base 16
-7
Convert -100010 (base 2) to base 9.
-37
176 (base 9) to base 5
1100
What is c (base 14) in base 2?
1100
What is 9 (base 14) in base 6?
13
-100100010 (base 2) to base 6
-1202
Convert -1 (base 6) to base 12.
-1
What is 1 (base 8) in base 13?
1
-4 (base 6) to base 4
-10
-2 (base 3) to base 14
-2
What is -21 (base 7) in base 14?
-11
Convert -20 (base 8) to base 4.
-100
11